 d(-14). Let i = -30 + y. What is the tens digit of g(i)?
3
Suppose 2*f + 148 = 1060. Let s = f + -218. Let q = -101 + s. What is the units digit of q?
7
Let t(j) = 12*j - 4. Let z be 2/(-1*3/(-9)). Suppose -2*o = -c - 15, z*c - c = o - 3. What is the units digit of t(o)?
2
Suppose -111228 = -89*q + 76*q. What is the units digit of q?
6
Let r = -196 + 84. What is the tens digit of r/(-8)*(7/2 + -2)?
2
Suppose 4*k - 20 = 9*k. What is the hundreds digit of 392472/437 - k/(-38)?
8
Let b be (-5)/(-5)*-6089*-1. Suppose 17*i - 507 - b = 0. What is the tens digit of i?
8
Let b = 65448 - 34724. What is the ten thousands digit of b?
3
Suppose 5*y + w = 2, 5*y + 4*w + 8 = 8*w. Suppose 6*n - 13*n + 1974 = y. What is the units digit of n?
2
Suppose 186 + 897 = n + 6*c, 0 = 3*c + 15. What is the units digit of n?
3
Suppose -37*s = -34*s + 5*y - 1465, 5*s - 3*y - 2385 = 0. Let u = s + -108. What is the hundreds digit of u?
3
Suppose -5*r - 30 = -4*y, r + 6*y - 23 = y. Let f be r/(-1)*((-2 - 8) + -3). Let q = 111 + f. What is the units digit of q?
5
Let i(q) = -100*q - 46. Let j(z) = -4*z - 32. Let a be j(-7). What is the hundreds digit of i(a)?
3
Suppose -2*c = 2*n - 6292, -2*c - 2*n + 6280 = 3*n. Suppose -c = -5*m + 7*r - 8*r, -5*m + 3150 = 2*r. What is the units digit of m?
0
Let m be 30/8*4928/132. Suppose 2*g - 20 - m = 0. What is the units digit of g?
0
Let a = 70820 - 48744. What is the ten thousands digit of a?
2
Let q = 10467 - 8037. What is the units digit of q?
0
Let i be 10/1*(-7)/14. Let k(h) = 32*h**2 + 42*h + 12. What is the hundreds digit of k(i)?
6
Let s(r) = r**2 + 17*r - 23. Let n(i) = i**3 + 27*i**2 + 26*i - 23. Let m be n(-26). Let y be s(m). Let d = -89 + y. What is the units digit of d?
6
Let k be (-168)/(-90) + (-8)/(-60). Suppose k = -2*r + 10. Suppose r*c - 4 - 16 = 0. What is the units digit of c?
5
Let p(k) = 493*k - 1040. What is the hundreds digit of p(15)?
3
Suppose -28*g + g + 1836 = 0. Let p(r) = -r**2 + 13*r - 3. Let n be p(5). Let m = g - n. What is the tens digit of m?
3
Let i be -6 + (-56)/(-10) - 124/(-10). Suppose 15*s = 11*s + i. Let y(f) = f**2 + f - 2. What is the units digit of y(s)?
0
What is the ten thousands digit of (-2)/4*(281058916/(-2573) + (-6)/93)?
5
Let g = -298 - -1224. Suppose z + g = 2*x + 5*z, -3*z = 2*x - 930. Suppose 5*j - x = 2*j. What is the tens digit of j?
5
Suppose 5*a = -d + 25433, -4*a - 5*d + 11722 = -8658. What is the hundreds digit of a?
0
Let v(z) = 96*z**2 - 11*z + 1167. What is the hundreds digit of v(-29)?
2
Let t = 1063 - 650. Suppose t = -2*u + 1331. Suppose u = -v + 4*v. What is the hundreds digit of v?
1
Suppose 5*r - 790 = -5*x, r - 37 - 445 = -3*x. Let n = 289 - x. What is the tens digit of n?
2
Let l = -154 + 159. Let k(g) = 2*g**2 - 9*g + 5. What is the units digit of k(l)?
0
Let r(b) = 16*b**2 + 34*b - 119. What is the hundreds digit of r(-35)?
2
Let n(v) = 4*v**2 + 66*v - 1085. What is the hundreds digit of n(-57)?
1
Let d(n) = 4*n + 32. Let c be d(-5). Let j be (4/c*2)/((-2)/(-9)). Suppose 5*r + i - 997 = 0, 593 = j*r + i - 3*i. What is the units digit of r?
9
Let u = 37687 + -28573. What is the hundreds digit of u?
1
Let z(q) = 4*q**2 + 10*q - 83. Let v be z(6). Let c = v + 393. What is the tens digit of c?
1
Suppose 118*f - 18139 = 117*f + 3*g, 4*g = -3*f + 54404. What is the units digit of f?
6
Let t = -980 - -978. What is the units digit of (-20)/(t - (-630)/320)?
0
Let y be 26*4*3/24. Suppose 4*r - 133 = -5*c, -5*r + c = -y - 117. Suppose -r = -w + 2. What is the tens digit of w?
2
Let a be 2 + -17 + -1 + (22 - 18). What is the hundreds digit of -2 - (-14)/1*(-90)/a?
1
Suppose -768*i = -747*i - 53214. What is the thousands digit of i?
2
Suppose 5*z + 1303 = 4*u, 0*u = u + 5*z - 357. Let j = 577 - u. Suppose 2*o + j = 3*o. What is the units digit of o?
5
Let w be 1 + -54 + 4 - 0. Let n = w + 75. What is the units digit of n?
6
Let c be (-3)/(-15)*(12 - (0 - 3)). Let f(z) = 23*z**3 + 6*z**2 - 4*z - 4. What is the tens digit of f(c)?
5
Let y be (-3)/(2/(-1 + -1)). Suppose -18*i + 19*i = 54. Suppose -3*b - 2*u + i = 2*b, y*b - 24 = 3*u. What is the tens digit of b?
1
Let l(c) = c**2 + 22*c + 161. What is the hundreds digit of l(34)?
0
Suppose w = -o + 13663, 15*w - 9*o + 7*o - 205047 = 0. What is the thousands digit of w?
3
Let j = 62 + -10. Let h = 57 - j. Suppose 100 = -h*a + 7*a. What is the tens digit of a?
5
Let t = 223 - 219. What is the tens digit of (6/t)/((-69)/(-27278))?
9
Let k(z) = z + 517. What is the units digit of k(-22)?
5
Let o be -2*((15/6 - 3) + -6). Let c be 50 - (o/(-5) - (-14)/(-35)). Let s = -32 + c. What is the tens digit of s?
2
Suppose -5*q = 5*x + 48 - 68, x - 16 = -4*q. Suppose g = -4*w + 844, q*w + 3181 + 115 = 4*g. What is the tens digit of g?
2
Let f(d) = d**2 + 2*d + 1. Let r = 24 + -12. Let u = r + -6. What is the units digit of f(u)?
9
Let f(b) be the first derivative of -b**3/3 - 17*b**2/2 - 12*b + 12. Let i be f(-16). Suppose -i*l + 8*l - 184 = 0. What is the tens digit of l?
4
Suppose 2703*l + 457804 = 2719*l - 23588. What is the hundreds digit of l?
0
Let g(m) = 2*m**2 + 20*m + 14. Let u be g(-11). Suppose 1084 = -32*t + u*t. What is the hundreds digit of t?
2
Let n(o) = 9*o + 3 + 4 - 1. Let v be (-4)/4*-13 + 8/(-1). What is the units digit of n(v)?
1
Let j = -306 - -311. Suppose -2*l + 470 = q, 262 - 2597 = -j*q - 5*l. What is the hundreds digit of q?
4
Suppose 0 = 2*p - w - 72889, 775*p - 778*p + 3*w + 109332 = 0. What is the ten thousands digit of p?
3
Let w(u) = 7*u**2 - 56*u + 4. Let r be w(8). Suppose g - 3*p - 102 = -0*p, -3*g + r*p + 311 = 0. What is the hundreds digit of g?
1
Suppose -195*y + 446229 + 294840 = -23916. What is the units digit of y?
3
Let h = 63 + -289. Let u(r) = -4*r**2 + 114*r - 79. Let t be u(24). Let k = t + h. What is the hundreds digit of k?
1
Let k(x) = 792*x**2 + 33*x + 293. What is the tens digit of k(-8)?
1
Suppose 93*i = -225730 + 172088 + 1123700. What is the ten thousands digit of i?
1
What is the units digit of 27 + 0 + -6 + 9 + -1 + -4?
5
Let d = 41906 - 22905. What is the hundreds digit of d?
0
Let h(q) = -q + 2*q + 6 - 279*q**3 - 12 + 7. Let z be h(-1). Suppose 3*a - 206 = -3*s + 103, -3*a + 3*s = -z. What is the tens digit of a?
9
Let z(w) = w**3 + 5*w**2 + 3*w + 17. Let q be 44/(-10) + 6/(-10). Let v be z(q). Suppose 5*d = v*c - 324, 4*d - 69 = c - 225. What is the units digit of c?
2
Let y be 603/117 + (-4)/26 - 2. Suppose 0 = -6*a + a + 15. Suppose -3*f = -3*u - 3, u = -f + y*u - a. What is the units digit of f?
5
Let m = -152 - -85. Let o = m + 70. Suppose o*n = 0, 0*u - 2*u = 3*n - 28. What is the units digit of u?
4
Let i(b) = 6*b**2 + b + 3. Let j be i(3). Let c = -76 - -23. Let m = j + c. What is the units digit of m?
7
Let h(v) = 137*v + 13151. What is the thousands digit of h(139)?
2
Let n = -101 - -105. Suppose 14*u - 1870 = n*u. Let q = u + -95. What is the units digit of q?
2
Let b be 2 - -13 - (-43 - -43). Let v(z) be the second derivative of z**4/12 - 2*z**3/3 + 20*z**2 + 2*z. What is the hundreds digit of v(b)?
2
What is the hundreds digit of (-4)/1 - (-17780 + (-5)/(-5))?
7
Suppose -14*z + 20*z = 0. Suppose -o + 4*v + 112 = -104, -o + 2*v + 216 = z. What is the hundreds digit of o?
2
Let v be ((-3)/(-4) + 23/(-4))*-1. Suppose 6 - 12 = -3*w, -2*g = -v*w + 8. What is the units digit of ((-4)/g)/4 + 61?
0
Suppose 4*k - 4*s - 6206 = -s, 7760 = 5*k - 5*s. Suppose 86*x - k = 81*x. What is the hundreds digit of x?
3
Let a = -138 - -198. Let b be a/1*18/(-27). What is the units digit of ((-10)/(-1))/((-5)/b)?
0
Let s(i) = 10*i**3 - 9*i**2 - 7*i - 102. What is the units digit of s(9)?
6
Let y(l) be the third derivative of -l**6/120 + l**5/20 + 3*l**4/4 + 13*l**3/6 - 3*l**2 - 26. What is the units digit of y(-6)?
9
Suppose -9*c + 10*c - 5 = 0. Suppose -15 = c*j, -3*w = 4*j + j - 30. Suppose 315 = w*q - 0*q. What is the units digit of q?
1
Let x(c) = 2*c**3 + 35*c**2 + 17*c + 13. Let q be x(-17). Suppose o - 129 = 4*s, -16*o + 2*s = -q*o - 377. What is the units digit of o?
5
Let a be 0/(-1) + 4*1. Suppose -4*l = 3*r + a, 2 = -l - 2*l - 2*r. Suppose 3*s - 5*f - 102 = 0, 5*s - l*s - 4*f - 99 = 0. What is the units digit of s?
9
Let q(w) = 101*w**2 - 213*w + 1770. What is the thousands 